k = -28. Let a be y(f). Determine u(a).
-5
Let p(j) = 2*j - 28. Suppose -5*i + 68 = -3*k, -12*i = -9*i + 2*k - 37. Determine p(i).
-2
Let p(q) = q**2 + 3*q - 6. Let d(a) = -5*a**2 + 79*a + 11. Let b be d(16). Calculate p(b).
4
Suppose 4*h = -2*n - 18, 0 = 2*n - 2*h + 2 - 8. Let u(j) = 10*j**3 + 1. What is u(n)?
-9
Let d = -1 + 0. Let w(a) = -a**2 - a - 4. Let r(z) = z**2 + z + 3. Let j = 29 + -31. Let p(f) = j*w(f) - 3*r(f). Determine p(d).
-1
Let a(g) = -3*g - 1. Let v be a(-2). Let h be 6/2 + 7 + v. Let c = h - 20. Let o(d) = d**2 + 3*d - 1. Determine o(c).
9
Let h(x) = -12 + 21 - 11*x - 16 + x**2. Determine h(12).
5
Suppose 0*h + 42 = -7*h. Let u(j) = -3 + j - 4 - 2*j - j. Give u(h).
5
Let g(o) be the first derivative of -o**6/120 + o**5/12 + o**4/4 - 5*o**3/6 - o**2 - 1. Let j(p) be the second derivative of g(p). Give j(6).
-5
Let t(a) = a**2 - 11*a + 5. Let u = -29 - -39. What is t(u)?
-5
Let r(s) = s**3 + 7*s**2 - 7*s + 8. Let b be r(-8). Let j(w) = -w**3 + w**2 + w + 6. What is j(b)?
6
Let x(p) be the second derivative of p**3/6 - 11*p**2/2 - 7*p - 14. Calculate x(8).
-3
Suppose j - 5 = 4*u - 6, 0 = -u - 2*j - 2. Let t(a) = a**3 + a + 17. Determine t(u).
17
Let x(n) = -2 + 0*n + 3*n**2 - 3*n**3 + 4*n**3 + 2*n + 0*n**3. Let c = -7 - -11. Suppose 2*s = c*s + 6. What is x(s)?
-8
Let a(t) be the first derivative of -2*t**2 + 2*t + 49. Determine a(-4).
18
Let b(r) = -r. Let t = -2 + 4. Suppose -2*l = t*l + 64. Let u = l - -18. Calculate b(u).
-2
Let c(g) = -3*g - 7. Let p be (-54)/21 - 16/(-28) - 4. Give c(p).
11
Let s = -522 - -521. Let x(k) be the second derivative of -1/3*k**3 + 1/2*k**2 + 0 + k. What is x(s)?
3
Let t(i) = -i**3 - 5*i**2 - 3*i + 6. Let s be t(-5). Let j be 195/s - (-8)/(-28). Let o(p) = p**3 - 10*p**2 + 8*p + 8. Calculate o(j).
-1
Let v(d) = 4*d + 2*d - 2*d**2 + d**2 - 22 - d + 28. Let x(u) be the first derivative of u**4/4 + 2*u**3 + 5*u**2/2 + 5*u + 1. Let o be x(-5). Determine v(o).
6
Let n(z) be the third derivative of z**6/30 - z**5/60 - 5*z**2. Let j(v) be the first derivative of 2*v**2 + 21*v + 17. Let t be j(-5). Give n(t).
3
Let t be 282/(-54) + 5 + 116/360. Let h(n) be the second derivative of -t*n**5 - 1/6*n**4 + 0 + 1/3*n**3 - 6*n - 1/2*n**2. Calculate h(1).
-3
Let c(d) be the first derivative of -d**4/4 - 11*d**3/3 - 11*d**2/2 - 8*d - 114. Determine c(-10).
2
Let n be 8/8 - (-7)/1. Let u(p) = p**3 - 10*p**2 + 16*p - 5. Give u(n).
-5
Let c = -22 - -22. Let n(d) = -4*d + 10. Let r(v) = -7*v + 20. Let u(k) = -5*n(k) + 3*r(k). What is u(c)?
10
Suppose -3*z + 5*i - 4 = -13, -3*z + 4*i = -9. Let q(m) = 3*m**2 - m**z + 23*m - 19*m + m**2. Suppose v - 5 = 3*h, -25 = -5*v + 2*h + 2*h. What is q(v)?
-5
Let o(k) be the first derivative of -k**3/3 - k**2 - k + 46. Give o(-3).
-4
Suppose 5*n - 10 = -3*c + 4*c, -4*n - 5*c = -8. Let w(l) = -9*l**3 + l**2 - l - 1. Let i(s) = s**3 - s**2 + s + 1. Let y(o) = n*i(o) + w(o). What is y(-1)?
6
Suppose 5*h = -9*b + 11*b - 15, -4*h = 4*b + 40. Let q(m) = m**3 + 4*m**2 - 4*m. Calculate q(b).
-5
Let c(r) = -5*r**2 + 4*r - 3. Let q be -159*(-8)/(-84) - 1/(-7). Let k be (0 - q/(-35)) + 17/7. Calculate c(k).
-15
Let w(o) = -o**3 - o**2 + o + 7. Let i(c) = -3*c**3 - 4*c**2 + 3*c + 32. Let q(b) = -i(b) + 5*w(b). Determine q(-1).
2
Suppose -2*g - t + 11 = 0, -16*t = -21*t + 25. Let v(a) be the first derivative of -2/3*a**g - 2*a**2 - 2*a + 5. Give v(-2).
-2
Suppose -6 = -q - 2*x, -4*q - 5 = -5*x - 42. Let h(m) = -m + 2. Calculate h(q).
-6
Let u(w) be the first derivative of -39 + w**3 + 1/4*w**4 - w**2 + 4*w. Suppose h - 3 = -7. What is u(h)?
-4
Suppose -3*a + 2*n + 22 = 0, -4*a + 9*a - n = 46. Suppose -48*j = -46*j + a. Let b(q) be the first derivative of -q**2 + 2*q - 1. Give b(j).
12
Suppose -1 = 2*n - 9, 6 = -5*i - n. Let z(x) = x**2 - 7*x + 7. Let c be z(6). Let y be 3/6 + c/i. Let a(r) = -r**3 - r**2 + 9. What is a(y)?
9
Let x(w) = -6*w**2 + 4*w + 2. Let t(u) = -7*u**2 + 5*u + 2. Let f(v) = 5*t(v) - 6*x(v). Let q = -1718 + 1721. Calculate f(q).
10
Let a(h) = -h - 17. Suppose 3 + 5 = 4*g. Suppose 4*c = 5*q - 8, 2*c = -3*q + 3*c + g. Give a(q).
-17
Let f(o) be the third derivative of -o**4/24 + o**3/3 - 2*o**2. Let c be 4/8 + (-50)/4. Let l be (2 - -10)*(-4)/c. Calculate f(l).
-2
Let x(a) = 147 + 12*a**2 + 0*a - a**3 + 0*a**3 - 9*a - 174. What is x(11)?
-5
Let p = 75 - 45. Let l be ((0 - p)/3)/(-8 + 6). Let j(w) = -w**2 + 2*w + 6. Calculate j(l).
-9
Suppose 6 = -0*h + h. Suppose -h*o = -2*o - 8. Suppose 5*r - 21 = o*r. Let a(c) = c**2 - 8*c + 4. Determine a(r).
-3
Let o(y) = -12*y + 66*y - 17*y - 15*y - 1 - 18*y. Let h(z) = -z**2. Let b be h(1). Determine o(b).
-5
Let q(r) = -4*r**3 - 14*r**2 + r + 1. Let b(c) = 7*c**3 + 34*c**2 - c - 1. Let w(d) = 2*b(d) + 5*q(d). Give w(-2).
37
Let c(x) = 5*x + 15. Let h(n) = 4*n + 13. Let k(g) = -5*c(g) + 6*h(g). Give k(9).
-6
Let c be 2/2*5 - 4. Let w(o) = 6*o**2 + o - 7. Let g(f) = 5*f**2 + f - 6. Let i(r) = 7*g(r) - 6*w(r). Determine i(c).
0
Let z(c) = -c + 3. Suppose 0 = -q - 3*q + 24. Let t(m) = -m + 3. Let y(l) = q*t(l) - 7*z(l). Suppose 24 = 4*i + 2*o + 6, 0 = -5*i - 3*o + 22. What is y(i)?
2
Let v(o) = -4*o - 11. Let u be v(-2). Let k(s) = s**2 + 2*s + 4. Calculate k(u).
7
Suppose -5*z - 2*a + a = 51, -40 = 4*z + a. Let h(i) = -i**2 - 12*i - 10. Determine h(z).
1
Let p(l) = -3*l + 18. Let s be 8/(3/(2 + 8 + -7)). Calculate p(s).
-6
Let d(c) = c**3 + 3*c**2 + 3. Let g be 2/(-4) - 195/78. Give d(g).
3
Let w(z) = -5*z - 23. Let u be w(-5). Let x(h) = 7*h - 1. Calculate x(u).
13
Let l(a) = 8*a**2 - 7*a - 2. Let p(r) = 3*r**2 + r - 1. Let o(t) = l(t) - 3*p(t). What is o(-8)?
17
Let h(m) = -m**2 + 7*m + 5. Suppose 3*x = 2*x + 33. Let f be (44/x)/((-1)/(-6)). Give h(f).
-3
Suppose -6 - 4 = 5*x. Let o be (x*2/4)/(-1). Let p(t) = t - 6 - 17*t + 4*t + 7. Calculate p(o).
-11
Let i(l) = l**3 - 8*l**2 + 8*l - 11. Suppose 0 = 4*o - 4, 19*v = 14*v - 5*o + 40. Give i(v).
-4
Let s(a) = -6*a - 3*a + 14*a - 16 - 4*a. What is s(12)?
-4
Let h(a) be the first derivative of -a**4 - 4*a**3/3 - 3*a**2/2 - 2*a + 102. Give h(-1).
1
Let y(f) = -10*f**3 + 215*f**2 - 214*f**2 + 9*f**3. What is y(2)?
-4
Let r(b) = -b**3 + b**2 + b - 27. Let a = 1816 + -1816. Determine r(a).
-27
Let t(s) = -s**2. Let n(c) = 3*c**2 - 4*c. Let w(z) = -n(z) - 4*t(z). Let h(o) = -o**3 - 18*o**2 + 40*o - 2. Let a be h(-20). Give w(a).
-4
Let c(z) = 2*z - 8. Let i be c(-5). Let d = -20 - i. Let k(n) = -n**2 - 2*n + 1. Give k(d).
1
Suppose -4*k + 32 = -0*l + 2*l, k - 2*l - 8 = 0. Suppose 4*f + c = -2*c - 20, -4*c = -4*f + k. Let i(n) = -n**2. Calculate i(f).
-4
Let h = -889 - -898. Let c(v) = v**3 - 11*v**2 + 16*v + 11. What is c(h)?
-7
Let c = 29 + -27. Let h be -1*c*(-3)/(-6). Let w be h/(-1) + (-4)/(-4). Let z(x) = 4*x - 1. Determine z(w).
7
Suppose 3 = 5*c + 2*u, c - 2*u - 6 = -15. Let r(v) be the second derivative of -7*v**5/20 - v**4/6 + v**2/2 + v. What is r(c)?
6
Let a be (2 + -3)*21/3*-1. Let w(b) = -b**3 + 8*b**2 - 6*b - 5. What is w(a)?
2
Let x = 15 + -12. Let r(n) = 2*n**3 + 110*n**2 - 104*n**2 - 2 - x*n**3. Calculate r(6).
-2
Let y(x) = -x**3 + 4*x**2 - 4*x + 2. Let z be y(2). Suppose 0 = -2*a - z + 22. Let j = -4 + a. Let m(g) = -g**2 + 5*g - 2. Determine m(j).
-8
Suppose -4*x + q = 4*q - 5, 5*x - 4*q - 14 = 0. Let f(z) = 5*z**x + 1 + z - 2*z**2 - 2*z**2 + 2*z. Let l(r) = r**2 + 8*r + 8. Let y be l(-6). Calculate f(y).
5
Let v(s) = 2*s - 1 - 23 - 3. What is v(9)?
-9
Let d(g) = -g**2 - 11*g + 13. Suppose -4*o + 5*o + 12 = 0. Give d(o).
1
Let n be (16/(-24))/((-2)/(-15)). Let f(g) = -g**3 - g**2 + g + 1. Let y(u) = u**3 - 4*u**2 - 5*u + 3. Let r(x) = 2*f(x) + y(x). Give r(n).
-5
Let h(f) = f**2 + 2. Let v(p) = -4*p**2 - 5*p - 3. Let c(k) = -5*h(k) - v(k). Determine c(5).
-7
Let b(s) = -s**3 + 13*s**2 - s + 18. Let r(u) = 13*u**2 + 58*u + 58. Let o be r(-1). Calculate b(o).
5
Let a(x) be the first derivative of x**2/2 - 4*x + 173. Determine a(-5).
-9
Let a(m) be the third derivative of -m**4/2 - m**3/6 - 1057*m**2. Determine a(3).
-37
Suppose -4*b - 3*y - 24 = 0, -b + 0 = -y + 6. Let s = 2 + -8. Let o = b - s. Let i(k) = -k**2 + k + 9. Determine i(o).
9
Let z(b) be the second derivative of -b**5/20 + 7*b**4/12 - 2*b**3/3 - b**2 + 2*b - 16. What is z(6)?
10
Let z(b) be the second de